 is the tens digit of g?
4
Suppose 2*n - 14 = -w, 4*n - n - 31 = -4*w. Let p = w - -40. What is the units digit of p?
4
Suppose -41 = 5*z - 8*z + 5*v, -120 = -5*z - 2*v. Suppose 27*i - 1485 = z*i. What is the hundreds digit of i?
2
Suppose 8 = 3*v - 0*x - 4*x, 5*x = 2*v - 3. Suppose 3*z + 625 = s, 9*z - v*z = -2*s + 1250. What is the tens digit of s?
2
Suppose -5 + 5 = -4*h. Suppose v - 5*i = 94, h*i = 4*v + 4*i - 376. Suppose v*b = 97*b - 678. What is the hundreds digit of b?
2
Let n(o) = -12*o**3 - 2*o**2 - 2*o - 22. Let v be n(-16). Suppose v = -18*h + 53*h. What is the tens digit of h?
9
Suppose 0 = q - 3*q + 5*q. Suppose -3*n + 16 = -r - q*r, 0 = -4*n - 2*r + 8. What is the units digit of (-54)/(-8) + 2 - (-1)/n?
9
What is the tens digit of -3 - 71/(142/(-15840))?
1
Let y be 1/5 + 920/25. Let t = y + 59. Suppose -v + t = 23. What is the tens digit of v?
7
Suppose -4*u = -3*v + 3, -2*u + 5*v - 6 = -1. Suppose u = -10*n + 2436 + 1804. What is the units digit of n?
4
Let v be -2 + (-57024)/(18 - 9). What is the thousands digit of v/(-4) + (-9)/(-18)?
1
Let j(g) = -63*g - 106. Let a be j(4). Let i = a + 379. What is the units digit of i?
1
Suppose 7*k - 3*z + 3 = 2*k, k + 2*z = 2. Let x(r) = 2*r**3 - 5*r + 1443. What is the units digit of x(k)?
3
Suppose 3*r - 3*u = -14552 + 41504, r = 3*u + 8988. What is the thousands digit of r?
8
Let q(a) = 12*a**2 - 4*a - 8. Let w be q(-6). Suppose 482 = 5*x - w. What is the tens digit of x?
8
Suppose -47*o + 50*o = 108. Suppose -29959 = -o*i - 8611. What is the hundreds digit of i?
5
Let u(d) = -2*d**3 - 4*d - 4. Let w(k) = -k - 2. Let z be w(-1). Let p be u(z). What is the tens digit of (-3 + p)*-2*201/6?
6
Suppose 7*l - 1405 = 2*l. Suppose 0 = 5*g - l - 1149. What is the tens digit of g?
8
Let i be 1*-1*12 + 0. What is the units digit of (((-2655)/(-12))/(-5))/(i/32)?
8
Suppose 3*j - 12 + 3 = 0. Suppose -5*o = -j*g - 17, -3*o + 2*g = 3 - 13. What is the tens digit of 6/(o + (-126)/32)?
9
Let f = 82 + -80. Suppose -3*r = -6, 1159 = -f*h + 7*h + 2*r. What is the tens digit of h?
3
Let a be ((4/(-3))/(-1))/((-1)/(-3)). Suppose 302 = 2*r - 0*r - 2*y, -4*r + 644 = a*y. Suppose 0 = p - r + 40. What is the hundreds digit of p?
1
Let m be (-1656)/(-3) + (3 - 3). Suppose 264 = 2*a - m. What is the units digit of a?
8
Let b be (-8)/36 + (-490)/(-18). Let c = -25 + b. What is the units digit of 3/c*(-730)/(-15)?
3
Suppose -20 = -4*t, -75*j = -70*j - 2*t - 17605. What is the units digit of j?
3
What is the units digit of (8184/36 - -14)*159?
2
Let m be 375*(3/(-1) + 98/21). Suppose -6*i + 11*i = m. Suppose -3*b = -i - 220. What is the hundreds digit of b?
1
Let r(y) be the third derivative of y**5/15 + 5*y**4/4 - 7*y**3/3 - 2*y**2 + 29*y. What is the units digit of r(10)?
6
Suppose -342*a + 357*a = 73380. What is the hundreds digit of a?
8
Let x(j) = -1681*j + 325. What is the tens digit of x(-6)?
1
Suppose 811605 + 656660 = 103*y. What is the ten thousands digit of y?
1
Let k(u) = u**2 - 15*u - 12. Let j be k(16). Suppose j*q + 9*q = 234. What is the units digit of q + 0*5/(-10)?
8
Let v(g) = -2*g**3 + 8*g**2 + 19*g - 42. Let r be v(5). Let a(w) = 345*w + 5. What is the tens digit of a(r)?
4
Suppose 2*b = -4*s - 200, -3*b - 258 - 69 = -3*s. Let d = 248 - 126. Let g = b + d. What is the tens digit of g?
1
Suppose -14003 + 2055 = 58*f. Let o = 163 + -462. Let m = f - o. What is the units digit of m?
3
Suppose -19*b - 1078 = -5847. Let u = b + 62. Let d = -215 + u. What is the tens digit of d?
9
Let s = 11179 - 7204. What is the units digit of s?
5
Let b = 589 + 2913. What is the units digit of b?
2
Suppose -9813340 = -240*v + 1663940. What is the hundreds digit of v?
8
Suppose -4*s = 4*h + 300 - 1008, 4*h - 20 = 0. Suppose 13*u = 14*u - s. Suppose -492 = -3*f - 3*j, 0 = -f + 2*f + 5*j - u. What is the units digit of f?
2
Suppose -4*i + 5*d - 10 + 13 = 0, d + 2 = i. Suppose -5070 = -i*l + 2021. What is the units digit of l?
3
Let u be 240/25 + 6/15. Suppose 0 = 3*i + c - 401, u*c + 503 = 4*i + 5*c. What is the hundreds digit of i?
1
Suppose -8 = -5*m - 3*x + 7*x, 2 = 5*m - x. Suppose m = 11*r - 2898 - 1337. What is the hundreds digit of r?
3
Suppose 3*f - 2*f - 5*s + 7 = 0, 0 = -2*f - s - 3. Let m be 699 + f*(-2)/(-4). Let t = -487 + m. What is the units digit of t?
1
Suppose -4 + 20 = 4*r. Suppose s = -r*j + 17, 2*j - 4*s + 0*s = 22. Suppose 0 = -j*q + 4*q - 3*a + 62, 0 = 3*q - 3*a - 138. What is the tens digit of q?
5
Let i(c) = 75*c**2 - 43*c - 14. What is the units digit of i(-10)?
6
Let q be 22464/13*(-7)/(-2). Suppose 5*a = 41*a - q. What is the units digit of a?
8
Let n = 3916 - -47849. What is the units digit of n?
5
Let s(a) = 320*a**2 - 32*a + 81. What is the units digit of s(5)?
1
Let j(t) = -t**3 - 16*t**2 + 16*t - 17. Suppose -24*d = -27*d - 51. Let k be j(d). Suppose k = -2*b + 197 - 41. What is the tens digit of b?
7
Let v = 45 - -233. Suppose 0 = 2*x - 4 - 2. Suppose -x*u - 8 + v = 0. What is the units digit of u?
0
Let o = -21428 + 37544. What is the ten thousands digit of o?
1
Let d(y) = -y**3 - 5*y**2 + 9*y + 7. Let u be d(-9). Let z = u - 419. What is the hundreds digit of (4 + -5)/(1/z)?
1
Let t = -11 - -16. Suppose 546 = t*a - 4*a. What is the tens digit of a?
4
Suppose 4*g + 413 = f, -g - 523 = 4*g + f. What is the hundreds digit of (g/(-6))/(2/15)?
1
Suppose -3280*s + 3377*s = 993280. What is the hundreds digit of s?
2
Let a = 4099 - 3648. What is the hundreds digit of a?
4
What is the thousands digit of 14/(-140) - -223*(-3788)/(-40)?
1
Suppose -5*z = -5312 - 1328. Suppose g + z = -15*g. Let j = 303 + g. What is the tens digit of j?
2
Let i(w) = 311*w**2 - 100*w + 1986. What is the tens digit of i(15)?
6
Let m(x) = 318*x**2 - 14*x + 2. Let w be m(-3). Let j = -1840 + w. What is the hundreds digit of j?
0
What is the tens digit of 12793 + 7 + -11 - (-1 - -10)?
8
Let p(d) = -d**3 + 6*d**2 - 5*d + 6. Let u be p(5). Let q be 1 + 4 - (u + -3). What is the units digit of (51/q + -4)*2?
3
Let t(m) = -2*m**2 + 2*m - 795. Let i be t(0). Let u = i - -368. Let f = u + 641. What is the units digit of f?
4
Let y(t) = 6*t - 88. Let g be y(-26). Let f = 83 - g. What is the tens digit of f?
2
Suppose 0 = -6*x + 1221 + 1263. Let z be 0 + -4 - ((-6)/3 + x). What is the tens digit of (-1)/(2*2/z)?
0
Let o be 1/9*2 - 40/18. Let r be (-7)/((-14)/(-4)) - o. Suppose 4*i - 200 = 4*k, r*k = 2*i - 3*k - 99. What is the tens digit of i?
5
Suppose 10 = -12*u + 14*u. Suppose -8 = u*k - 4*f + 4, -6 = k - 2*f. Suppose 5*n + 3*d - 342 = k, 88 = 3*n + 5*d - 130. What is the units digit of n?
6
Suppose -3*n - 2 + 14 = 0. Let v(b) = n - 258*b - 12 + 254*b. What is the units digit of v(-9)?
8
Suppose -14*b - 35 = -119. Suppose -2*l + 2*s + 1140 = 0, s - 1149 = -b*l + 4*l. What is the hundreds digit of l?
5
Let p(t) = -3*t**3 + 42*t**2 + 920*t + 52. What is the tens digit of p(-18)?
9
Let j(n) = 463*n**2 - 53*n + 33. What is the ten thousands digit of j(-7)?
2
Let y(o) = 718*o - 476. What is the thousands digit of y(4)?
2
Let v be (-41)/6 + 1/(-6). Let a be (2 - 6)/(v/28). What is the units digit of (-1 + a/20)*-655?
1
Suppose 2*r + 5 = -5*q + 3*r, q - r = -5. Suppose q = o - 0*o. Suppose 0 = 5*a - o*a - 215. What is the units digit of a?
3
Let o = 74 + -74. Suppose 0 = -4*c + 3*s + 118, -3*s - 1 - 5 = o. Suppose -c - 230 = -6*h. What is the units digit of h?
3
Let r(h) = h**2 - 8*h + 10. Let n be 4/12 + 78/9. Let g be r(n). Suppose -5*m - 2*q + 35 - 4 = 0, g = 3*m + q. What is the units digit of m?
7
Let w be (-7 - (-1 - -4))*-29. Suppose -5*a + w = 15. Suppose -104 = -k + a. What is the hundreds digit of k?
1
Suppose -68*u + 908292 = -342160. What is the hundreds digit of u?
3
Let p = 83 - 83. Suppose p = 8*o - 566 - 410. Let b = o - 48. What is the units digit of b?
4
Let z(v) = 101*v**2 - 87*v + 671. What is the ten thousands digit of z(14)?
1
Let z = -2214 - -2421. What is the units digit of z?
7
Suppose k - 660 = -5*g, 7*g - 2*g - k = 660. Suppose -68*n = -71*n + g. Suppose -n = -2*q + 82. What is the units digit of q?
3
Let m = 3119 - 721. Suppose 1815 = 3*w + 4*u, 2*u = 5*w - w - m. What is the tens digit of w?
0
Let o = -74 + 78. Suppose -o*j = -47 + 39. Suppose -j*c + 130 = -158. What is the tens digit of c?
4
Le